the tens digit of (-14)/49 + 144/t?
1
Let c = -12 + 12. Suppose 4*f - 5*o - 62 = 0, c = 5*f - o + 4*o - 59. What is the units digit of f?
3
What is the hundreds digit of (-34060)/(-195) - (2/(-6))/1?
1
Let s(d) = 2*d + 0*d - 3*d + 14. What is the units digit of s(6)?
8
Let m(h) = -h**3 + h. Let q(a) = 2*a**3 - 2*a**2 - a. Let b(i) = 3*m(i) + q(i). What is the units digit of b(-3)?
3
Let g(r) = 15*r**2 - 4*r - 1. Let m be g(5). Suppose 0 = 5*c - 21 - m. Suppose 0*p - c = -5*p. What is the units digit of p?
5
Suppose 3*w - 312 = -3*a, 3*a + w - 347 = 5*w. Let x = a + -72. What is the units digit of x?
7
Let x(b) = b - 1. Let l(v) = 5*v - 13. Let z(o) = -l(o) + 6*x(o). Let q = 9 + -9. What is the units digit of z(q)?
7
Let g = -15 - -49. What is the units digit of g?
4
Suppose -3*z = 2*z + q, 4*q = z. Let b = 3 - z. What is the units digit of (1 - (-33)/9)*b?
4
Let z = 5 + -4. Let w be (3 + -2)/(z/4). Suppose -w*a + 4 + 20 = 0. What is the units digit of a?
6
Suppose 34 = 3*k - 53. What is the units digit of k?
9
Let a(t) = 11*t**2 + t. What is the tens digit of a(2)?
4
Let p = 10 + 38. What is the units digit of p?
8
Let d = 88 - 61. What is the tens digit of d?
2
Let m be 4/(-16) - (-9)/4. Suppose -m = 4*l + 2, -4*j - 5*l + 107 = 0. What is the units digit of j?
8
Let n(l) = -l**2 - 10*l - 7. Let o be n(-7). Let q = 21 - o. What is the units digit of q?
7
Suppose 3*j + 2*g - 4*g = -2, 5*j - g = -1. Suppose 5*t + 0*t - 85 = j. What is the tens digit of t?
1
Let i(q) = -q**2 - 6*q + 1. Let h be i(-3). Let p = -8 + h. What is the units digit of p?
2
Let y(a) = -3*a - 2. Let k be y(-2). Suppose -k*q - 70 = -9*q. What is the units digit of q?
4
Suppose -3*a + 67 = 4*g, -52 = -a - a + g. Suppose -b - 2*c = -2*b - 12, 0 = -5*b + 3*c - a. What is the units digit of 15/b*2/(-3)?
5
What is the tens digit of ((-164)/(-8))/(5/10)?
4
Let s(w) = -15*w**2 + 6*w**3 + 9 - 5*w**3 + 3. What is the tens digit of s(15)?
1
Suppose -w + 1 = -5*x, 3*w + 8 = 3*x - 1. Let a(r) be the second derivative of r**4/6 + r**3 + r**2/2 + r. What is the units digit of a(w)?
9
What is the units digit of (-16 - 1)*(4 - 5)?
7
Let t be -8*(-1 + 2/4). What is the units digit of 75*t*(-3)/(-36)?
5
Suppose -5*z + 4 = -2*l, -3*l + 2*z + 3*z = 11. Let c = l - -8. What is the units digit of c?
1
Let n = -2 + 4. Suppose n*a - 31 = -11. What is the tens digit of a?
1
Suppose 13 + 12 = 5*b. Let g = b + 15. What is the units digit of (-73)/(-5) - (-8)/g?
5
Let q = -7 + 10. What is the units digit of q?
3
Suppose -12 = 3*m, -c + 2*m - 5*m = 4. What is the units digit of c?
8
Let o be (-1 - (-2)/6)*-3. Suppose -5*s = -2*r - 5, -o*r + 8 = 4*s - 14. Suppose s*n - 7*n + 36 = 0. What is the units digit of n?
9
Suppose -3*g = -2*g - 5. Let a(v) = 5*v + v**2 - 2*v**2 + 1 + v. What is the units digit of a(g)?
6
Let z(s) = 16*s - 38. What is the units digit of z(13)?
0
Let z(s) = s**2 - 2*s - 4. Let x be z(-2). Suppose x*i - 61 = 67. What is the units digit of i?
2
Let o(r) be the third derivative of r**4/12 - 7*r**3/6 - 3*r**2. What is the units digit of o(7)?
7
Suppose -5*g = 2*y - 132, -g + 0 - 132 = -2*y. What is the tens digit of y?
6
Let s = 3 + -16. Let z = s + 20. What is the units digit of z?
7
Suppose -5*z + l = 128, 4*l - 12 = -0*l. Let b = -14 - z. What is the units digit of b?
1
Let w be (-64)/(-12)*3/2. What is the tens digit of 288/10 - w/(-40)?
2
Suppose -119 = -h + 3*n + 45, 2*h - 328 = -5*n. What is the units digit of h?
4
Suppose -4*l = -0 - 8. Let d(x) = 4 + 9*x - 5 + 3*x**2 - 1 - l*x**2. What is the units digit of d(-10)?
8
Suppose -4*y - 68 = -2*l, -5*y = -3*y - 3*l + 30. Let r be (-14)/y + (-2)/(-9). Suppose -3*m = h - 4, 2*m + r + 22 = 3*h. What is the units digit of h?
7
Suppose g + 2*l = -g + 96, -5*g + 4*l = -222. Let t = 84 - g. What is the units digit of t?
8
Let i = 14 - 8. What is the units digit of i?
6
Let p(g) = 8*g**2 + 4*g + 6. What is the units digit of p(-3)?
6
Let p = -155 + 304. What is the tens digit of p?
4
Let g = -1 + 26. What is the units digit of g?
5
Let c(z) be the first derivative of 17*z**3/3 - z**2 + z + 1. Let t be c(1). What is the tens digit of 228/t - 2/8?
1
Suppose -4*x + 810 = -x. What is the units digit of x?
0
Let h(k) = k**2 - k + 4. Let i(m) = m**2 - 3*m - 5. Let w be i(5). What is the units digit of h(w)?
4
Let b(l) = -2*l**2 + l - 10. Let d be b(0). What is the tens digit of 42/d*80/(-8)?
4
Let j(u) = 4*u - 35. What is the tens digit of j(17)?
3
Let s = 526 - 812. What is the tens digit of 1/4 - s/8?
3
Let y(r) = -r - 8. Let h be y(4). Let m = h + 33. What is the units digit of m?
1
Suppose -2*y - 11 = 3. Let x = y - -25. What is the tens digit of x?
1
Let t(u) = -u**3 + 9*u**2 + 11*u - 8. Let b be (-1)/((-3)/2)*15. What is the units digit of t(b)?
2
Let g = 17 + 8. What is the units digit of g?
5
Let c(t) be the first derivative of -11*t**4/4 + t**3/3 - t**2/2 - t + 3. What is the units digit of c(-1)?
2
Suppose -24 = 3*n + 18. Let z = n + 23. Let o = z - 6. What is the units digit of o?
3
Let s = -11 - -36. What is the units digit of s?
5
Suppose 10 = -4*l - 3*b, 4*l + 5*b + 8 = 3*b. Let o = l - -1. What is the units digit of (-5 - -3)*(o - 1)?
2
Let k(g) = -1. Let f(m) = 3*m**2 - 7*m + 1. Let l(n) = f(n) - 5*k(n). What is the tens digit of l(4)?
2
Suppose -5*l + h + 15 = 4*h, 0 = -5*l - 5*h + 25. Suppose -g + 4*u = -u - 48, l = -5*g + u + 120. Suppose g = 3*d - 34. What is the units digit of d?
9
Suppose -87 - 111 = 6*a. Let f = -22 - a. What is the units digit of f?
1
Let j(n) = -n**3 - 3*n - 3. Let d = 9 - 12. What is the units digit of j(d)?
3
Let u = 120 + -75. What is the units digit of u?
5
Let z be (1 - (2 + -2))*0. Suppose z*o = o - 11. What is the tens digit of o?
1
Suppose 3*l = 4*o - 99, 4*l = 5*l + 1. Let z be ((-12)/(-8))/(2/4). Suppose -o = -z*t - 3. What is the units digit of t?
7
Let r = -51 + 73. Suppose 4*q + 2*d = r, -5*d + 0*d = 5. What is the units digit of q?
6
Suppose 5*k = 4*q - 4, 2*k + k + q - 1 = 0. Suppose -4*m + 12 = -k*m. Suppose m*a + 6 = -5*j + 54, -5*a = -5*j + 80. What is the tens digit of j?
1
Let a(z) = -z**2 + 12*z - 10. Let b(p) = -p**3 - 4*p**2 - 2*p - 3. Let h be b(-3). Let d be (-75)/h + 3/(-2). What is the units digit of a(d)?
1
What is the tens digit of ((-18)/4 + 4)*-96?
4
Suppose 8*j - 2702 = j. What is the hundreds digit of j?
3
Let f(x) = x**3 + 6*x**2 + 8*x + 4. Let j be f(-5). Let l = -7 - j. What is the units digit of l?
4
What is the tens digit of -2*358/(-8) - 2/(-4)?
9
Let u(b) = 4*b. Let d be u(-1). Let z = -8 - d. What is the units digit of (-19)/(-2) - (-2)/z?
9
Let j(r) = 6*r + 10. What is the units digit of j(7)?
2
Let b = -4 + 10. Let c(s) = -5*s + 5. Let d(p) = 26*p - 24. Let y(j) = -11*c(j) - 2*d(j). What is the units digit of y(b)?
1
Let p be 47/5 + (-6)/15. Suppose -q = 2*d - 3, 0 = 4*d + 3*q - 1. Suppose 15 = d*i - p. What is the units digit of i?
6
Suppose 4*k + 64 = 4*h, -h + 2*k + 2*k + 28 = 0. Let q be (20/(-5))/((-2)/h). Suppose -42 = -4*j + x, -2*j + 2 = -3*x - q. What is the units digit of j?
0
Suppose 5 = 4*w - 7. Suppose 7 = 4*a - w*a. What is the units digit of a?
7
What is the tens digit of (4/(-6))/(8/(-708))?
5
Let u be (1*-2)/(4 - 5). Suppose -6 = -u*h, 3*h - 2 = -2*v - 3. Let y(l) = -3*l - 6. What is the units digit of y(v)?
9
Let l = 0 + 1. Suppose -k - 6 = l. Let q = k - -16. What is the units digit of q?
9
Let b(i) = 9*i. What is the tens digit of b(2)?
1
Let g = 148 - -69. What is the tens digit of g?
1
Suppose -n = 2 - 0. Let p be n/6 - 2/(-6). Let u = 7 + p. What is the units digit of u?
7
Let z(x) = -x + 2. Let b be z(2). Suppose 5*o + 210 = -b. What is the units digit of (4/12)/((-2)/o)?
7
Suppose -6*c = -11*c + 1425. Suppose 0 = -y - 4*y + c. What is the units digit of y?
7
Let a(d) = 3*d**3 + d**2 - 1. Let h(s) = -s**3 - 5*s**2 + 5*s - 5. Let x be h(-6). What is the units digit of a(x)?
3
Let z(f) = 7*f**3 - 3*f**2 - 5*f + 2. What is the units digit of z(3)?
9
Suppose -1 = -2*x + 1. What is the units digit of (-12)/15*(-9 - x)?
8
Suppose 2 = v - 3*n - 7, 3*n = 3*v - 15. Suppose 2*f - 3*i = 39, v*f - 2*i - 58 = -f. What is the units digit of f?
2
Suppose 5*b - 74 - 395 = -4*h, 4*b = 3*h + 400. What is the tens digit of b?
9
Let y(z) = -z**3 - 4*z*